{"id":5677,"date":"2022-04-04T18:27:00","date_gmt":"2022-04-04T18:27:00","guid":{"rendered":"https:\/\/beta.batev.com.ar\/?page_id=5677"},"modified":"2025-09-15T19:16:23","modified_gmt":"2025-09-15T19:16:23","slug":"preguntas-frecuentes","status":"publish","type":"page","link":"https:\/\/www.batev.com.ar\/web\/preguntas-frecuentes\/","title":{"rendered":"Preguntas frecuentes"},"content":{"rendered":"<div class=\"fusion-fullwidth fullwidth-box fusion-builder-row-1 fusion-flex-container nonhundred-percent-fullwidth non-hundred-percent-height-scrolling fusion-animated\" style=\"--awb-border-radius-top-left:0px;--awb-border-radius-top-right:0px;--awb-border-radius-bottom-right:0px;--awb-border-radius-bottom-left:0px;--awb-padding-top:40px;--awb-padding-bottom:40px;--awb-background-color:#ffffff;--awb-flex-wrap:wrap;\" data-animationType=\"fadeInDown\" data-animationDuration=\"0.9\" data-animationOffset=\"top-into-view\" ><div class=\"fusion-builder-row fusion-row fusion-flex-align-items-stretch fusion-flex-content-wrap\" style=\"max-width:1300px;margin-left: calc(-4% \/ 2 );margin-right: calc(-4% \/ 2 );\"><div class=\"fusion-layout-column fusion_builder_column fusion-builder-column-0 fusion_builder_column_1_1 1_1 fusion-flex-column fusion-flex-align-self-flex-start\" style=\"--awb-bg-size:cover;--awb-width-large:100%;--awb-margin-top-large:50px;--awb-spacing-right-large:1.92%;--awb-margin-bottom-large:0px;--awb-spacing-left-large:1.92%;--awb-width-medium:100%;--awb-order-medium:0;--awb-spacing-right-medium:1.92%;--awb-spacing-left-medium:1.92%;--awb-width-small:100%;--awb-order-small:0;--awb-spacing-right-small:1.92%;--awb-spacing-left-small:1.92%;\"><div class=\"fusion-column-wrapper fusion-column-has-shadow fusion-flex-justify-content-flex-start fusion-content-layout-column\"><div class=\"fusion-text fusion-text-1\" style=\"--awb-content-alignment:center;--awb-font-size:40px;--awb-text-color:var(--awb-color1);--awb-text-font-family:&quot;KoHo&quot;;--awb-text-font-style:normal;--awb-text-font-weight:700;\"><p>PREGUNTAS FRECUENTES<\/p>\n<\/div><div class=\"fusion-tabs fusion-tabs-1 clean nav-is-justified horizontal-tabs icon-position-top mobile-mode-accordion\" style=\"--awb-title-border-radius-top-left:0px;--awb-title-border-radius-top-right:0px;--awb-title-border-radius-bottom-right:0px;--awb-title-border-radius-bottom-left:0px;--awb-alignment:start;--awb-inactive-color:#ffffff;--awb-background-color:#ffffff;--awb-border-color:var(--awb-color2);--awb-active-border-color:#ed1c22;--awb-title-font-family:&quot;KoHo&quot;;--awb-title-font-style:normal;--awb-title-font-weight:600;\"><div class=\"nav\"><ul class=\"nav-tabs nav-justified\" role=\"tablist\" aria-orientation=\"horizontal\"><li class=\"active\" role=\"presentation\"><a class=\"tab-link\" data-toggle=\"tab\" role=\"tab\" aria-controls=\"tab-69a1f14b57e054cf60a\" aria-selected=\"true\" tabindex=\"0\" id=\"fusion-tab-69a1f14b57e054cf60a\" href=\"#tab-69a1f14b57e054cf60a\"><h4 class=\"fusion-tab-heading\"><i class=\"fontawesome-icon fa-ethernet fas\" aria-hidden=\"true\" style=\"font-size:35px;\"><\/i>EXPOSICI\u00d3N<\/h4><\/a><\/li><li  role=\"presentation\"><a class=\"tab-link\" data-toggle=\"tab\" role=\"tab\" aria-controls=\"tab-27259e15ed591e4d46d\" aria-selected=\"false\" tabindex=\"-1\" id=\"fusion-tab-27259e15ed591e4d46d\" href=\"#tab-27259e15ed591e4d46d\"><h4 class=\"fusion-tab-heading\"><i class=\"fontawesome-icon fa-comment fas\" aria-hidden=\"true\" style=\"font-size:35px;\"><\/i>SEMINARIOS<\/h4><\/a><\/li><li  role=\"presentation\"><a class=\"tab-link\" data-toggle=\"tab\" role=\"tab\" aria-controls=\"tab-f7bfba4022a34f7d42b\" aria-selected=\"false\" tabindex=\"-1\" id=\"fusion-tab-f7bfba4022a34f7d42b\" href=\"#tab-f7bfba4022a34f7d42b\"><h4 class=\"fusion-tab-heading\"><i class=\"fontawesome-icon fa-money-check fas\" aria-hidden=\"true\" style=\"font-size:35px;\"><\/i>ACREDITACI\u00d3N<\/h4><\/a><\/li><li  role=\"presentation\"><a class=\"tab-link\" data-toggle=\"tab\" role=\"tab\" aria-controls=\"tab-7d686c70f81a5165775\" aria-selected=\"false\" tabindex=\"-1\" id=\"fusion-tab-7d686c70f81a5165775\" href=\"#tab-7d686c70f81a5165775\"><h4 class=\"fusion-tab-heading\"><i class=\"fontawesome-icon fa-map far\" aria-hidden=\"true\" style=\"font-size:35px;\"><\/i>PREDIO<\/h4><\/a><\/li><\/ul><\/div><div class=\"tab-content\"><div class=\"nav fusion-mobile-tab-nav\"><ul class=\"nav-tabs nav-justified\" role=\"tablist\" aria-orientation=\"horizontal\"><li class=\"active\" role=\"presentation\"><a class=\"tab-link\" data-toggle=\"tab\" role=\"tab\" aria-controls=\"tab-69a1f14b57e054cf60a\" aria-selected=\"true\" tabindex=\"0\" id=\"mobile-fusion-tab-69a1f14b57e054cf60a\" href=\"#tab-69a1f14b57e054cf60a\"><h4 class=\"fusion-tab-heading\"><i class=\"fontawesome-icon fa-ethernet fas\" aria-hidden=\"true\" style=\"font-size:35px;\"><\/i>EXPOSICI\u00d3N<\/h4><\/a><\/li><\/ul><\/div><div class=\"tab-pane fade fusion-clearfix in active\" role=\"tabpanel\" tabindex=\"0\" aria-labelledby=\"fusion-tab-69a1f14b57e054cf60a\" id=\"tab-69a1f14b57e054cf60a\">\n<p><span style=\"color: #333333;\"><strong>\u00bfCu\u00e1ndo se realiza la exposici\u00f3n?<\/strong><\/span><br \/>\n<span style=\"color: #333333;\">La exposici\u00f3n tendr\u00e1 lugar del 24 al 27 de junio de 2026<\/span><\/p>\n<hr \/>\n<p><span style=\"color: #333333;\"><strong>\u00bfEn que horario se llevar\u00e1 a cabo la exposici\u00f3n?<\/strong><\/span><br \/>\n<span style=\"color: #333333;\">En el horario de 14:00 a 20:00<\/span><\/p>\n<hr \/>\n<p><span style=\"color: #333333;\"><strong>\u00bfPueden ingresar menores a la exposici\u00f3n?<\/strong><\/span><br \/>\n<span style=\"color: #333333;\">Por tratarse de un evento de negocios los menores de 18 a\u00f1os, estando incluso acompa\u00f1ados por un mayor, NO PODR\u00c1N INGRESAR a la exposici\u00f3n bajo ning\u00fan motivo y circunstancia de mi\u00e9rcoles a viernes. El d\u00eda s\u00e1bado la exposici\u00f3n abre las puertas al publico general pudiendo ingresar ese d\u00eda con menores.<\/span><\/p>\n<hr \/>\n<p><span style=\"color: #333333;\"><strong>\u00bfTiene costo de entrada a la exposici\u00f3n?<\/strong><\/span><br \/>\n<span style=\"color: #333333;\">No tiene costo. Para ingresar se debe completar el formulario de registro.<\/span><\/p>\n<hr \/>\n<p><span style=\"color: #333333;\"><strong>\u00bfComo se completa el formulario de registro?<\/strong><\/span><br \/>\n<span style=\"color: #333333;\">De manera online en la web de la exposici\u00f3n o personalmente en el mostrador de acreditaciones.<\/span><\/p>\n<\/div><div class=\"nav fusion-mobile-tab-nav\"><ul class=\"nav-tabs nav-justified\" role=\"tablist\" aria-orientation=\"horizontal\"><li  role=\"presentation\"><a class=\"tab-link\" data-toggle=\"tab\" role=\"tab\" aria-controls=\"tab-27259e15ed591e4d46d\" aria-selected=\"false\" tabindex=\"-1\" id=\"mobile-fusion-tab-27259e15ed591e4d46d\" href=\"#tab-27259e15ed591e4d46d\"><h4 class=\"fusion-tab-heading\"><i class=\"fontawesome-icon fa-comment fas\" aria-hidden=\"true\" style=\"font-size:35px;\"><\/i>SEMINARIOS<\/h4><\/a><\/li><\/ul><\/div><div class=\"tab-pane fade fusion-clearfix\" role=\"tabpanel\" tabindex=\"0\" aria-labelledby=\"fusion-tab-27259e15ed591e4d46d\" id=\"tab-27259e15ed591e4d46d\">\n<p><span style=\"color: #333333;\"><strong>\u00bfSe desarrollar\u00e1 alg\u00fan Ciclo de Conferencias paralelo a la exposici\u00f3n?<\/strong><\/span><br \/>\n<span style=\"color: #333333;\">S\u00ed. M\u00e1s adelante podr\u00e1 ver el programa de las Actividades y Workshops en nuestro sitio web.<\/span><\/p>\n<hr \/>\n<p><span style=\"color: #333333;\"><strong>\u00bfEl Ciclo de Conferencias ser\u00e1 gratuito?<\/strong><\/span><br \/>\n<span style=\"color: #333333;\">S\u00ed.<\/span><\/p>\n<\/div><div class=\"nav fusion-mobile-tab-nav\"><ul class=\"nav-tabs nav-justified\" role=\"tablist\" aria-orientation=\"horizontal\"><li  role=\"presentation\"><a class=\"tab-link\" data-toggle=\"tab\" role=\"tab\" aria-controls=\"tab-f7bfba4022a34f7d42b\" aria-selected=\"false\" tabindex=\"-1\" id=\"mobile-fusion-tab-f7bfba4022a34f7d42b\" href=\"#tab-f7bfba4022a34f7d42b\"><h4 class=\"fusion-tab-heading\"><i class=\"fontawesome-icon fa-money-check fas\" aria-hidden=\"true\" style=\"font-size:35px;\"><\/i>ACREDITACI\u00d3N<\/h4><\/a><\/li><\/ul><\/div><div class=\"tab-pane fade fusion-clearfix\" role=\"tabpanel\" tabindex=\"0\" aria-labelledby=\"fusion-tab-f7bfba4022a34f7d42b\" id=\"tab-f7bfba4022a34f7d42b\">\n<p><span style=\"color: #333333;\"><strong>\u00bfCu\u00e1ndo comienza la acreditaci\u00f3n online?<\/strong><\/span><br \/>\n<span style=\"color: #333333;\">La acreditaci\u00f3n online a la exposici\u00f3n comenzar\u00e1 el viernes 17 de abril de 2026.<\/span><\/p>\n<hr \/>\n<p><span style=\"color: #333333;\"><strong>\u00bfCuando finaliza la acreditaci\u00f3n online?<\/strong><\/span><br \/>\n<span style=\"color: #333333;\">La acreditaci\u00f3n online estar\u00e1 habilitada hasta el s\u00e1bado 27 de junio inclusive!<\/span><\/p>\n<hr \/>\n<p><span style=\"color: #333333;\"><strong>\u00bfSi me acredito online, me env\u00edan la credencial al domicilio que yo designe?<\/strong><\/span><br \/>\n<span style=\"color: #333333;\">No se enviar\u00e1n credenciales a domicilio. Al registrarse online recibir\u00e1 v\u00eda e-mail su e-credencial la cual deber\u00e1 llevar impresa y le permitir\u00e1 acceder de manera directa a la exposici\u00f3n. Si no puede imprimirla deber\u00e1 dirigirse al mostrador de acreditaciones y retirar all\u00ed su credencial.<\/span><\/p>\n<hr \/>\n<p><span style=\"color: #333333;\"><strong>\u00bfEs conveniente completar los datos del formulario de registro antes de llegar al predio?<\/strong><\/span><br \/>\n<span style=\"color: #333333;\">Si, ya que de esta manera ahorrar\u00e1 mucho tiempo al evitar largas colas en el sector de acreditaciones<\/span><\/p>\n<\/div><div class=\"nav fusion-mobile-tab-nav\"><ul class=\"nav-tabs nav-justified\" role=\"tablist\" aria-orientation=\"horizontal\"><li  role=\"presentation\"><a class=\"tab-link\" data-toggle=\"tab\" role=\"tab\" aria-controls=\"tab-7d686c70f81a5165775\" aria-selected=\"false\" tabindex=\"-1\" id=\"mobile-fusion-tab-7d686c70f81a5165775\" href=\"#tab-7d686c70f81a5165775\"><h4 class=\"fusion-tab-heading\"><i class=\"fontawesome-icon fa-map far\" aria-hidden=\"true\" style=\"font-size:35px;\"><\/i>PREDIO<\/h4><\/a><\/li><\/ul><\/div><div class=\"tab-pane fade fusion-clearfix\" role=\"tabpanel\" tabindex=\"0\" aria-labelledby=\"fusion-tab-7d686c70f81a5165775\" id=\"tab-7d686c70f81a5165775\">\n<p><span style=\"color: #333333;\"><strong>\u00bfEn d\u00f3nde se llevar\u00e1 a cabo la exposici\u00f3n?<\/strong><\/span><br \/>\n<span style=\"color: #333333;\">En La Rural Predio Ferial de Buenos Aires<\/span><\/p>\n<hr \/>\n<p><span style=\"color: #333333;\"><strong>\u00bfCuales ser\u00e1n los ingresos habilitados para la exposici\u00f3n?<\/strong><\/span><br \/>\n<span style=\"color: #333333;\">El acceso a la exposici\u00f3n es por Avenida Sarmiento 2704. En el horario de 14:00 a 20:00 Mas informaci\u00f3n en Visitantes \u00ab\u00bfC\u00f3mo llegar?\u00bb<\/span><\/p>\n<\/div><\/div><\/div><\/div><\/div><\/div><\/div>\n\n","protected":false},"excerpt":{"rendered":"","protected":false},"author":1,"featured_media":10620,"parent":0,"menu_order":0,"comment_status":"closed","ping_status":"closed","template":"100-width.php","meta":{"_acf_changed":false,"footnotes":""},"class_list":["post-5677","page","type-page","status-publish","has-post-thumbnail","hentry"],"acf":[],"_links":{"self":[{"href":"https:\/\/www.batev.com.ar\/web\/wp-json\/wp\/v2\/pages\/5677","targetHints":{"allow":["GET"]}}],"collection":[{"href":"https:\/\/www.batev.com.ar\/web\/wp-json\/wp\/v2\/pages"}],"about":[{"href":"https:\/\/www.batev.com.ar\/web\/wp-json\/wp\/v2\/types\/page"}],"author":[{"embeddable":true,"href":"https:\/\/www.batev.com.ar\/web\/wp-json\/wp\/v2\/users\/1"}],"replies":[{"embeddable":true,"href":"https:\/\/www.batev.com.ar\/web\/wp-json\/wp\/v2\/comments?post=5677"}],"version-history":[{"count":12,"href":"https:\/\/www.batev.com.ar\/web\/wp-json\/wp\/v2\/pages\/5677\/revisions"}],"predecessor-version":[{"id":6469,"href":"https:\/\/www.batev.com.ar\/web\/wp-json\/wp\/v2\/pages\/5677\/revisions\/6469"}],"wp:featuredmedia":[{"embeddable":true,"href":"https:\/\/www.batev.com.ar\/web\/wp-json\/wp\/v2\/media\/10620"}],"wp:attachment":[{"href":"https:\/\/www.batev.com.ar\/web\/wp-json\/wp\/v2\/media?parent=5677"}],"curies":[{"name":"wp","href":"https:\/\/api.w.org\/{rel}","templated":true}]}}